ens digit of 2014768?
6
What is the hundred thousands digit of 1803505?
8
What is the hundred thousands digit of 392119?
3
What is the tens digit of 5898118?
1
What is the thousands digit of 83301?
3
What is the tens digit of 2444359?
5
What is the thousands digit of 330612?
0
What is the millions digit of 1510868?
1
What is the units digit of 7768111?
1
What is the thousands digit of 73393?
3
What is the thousands digit of 174250?
4
What is the ten thousands digit of 594303?
9
What is the tens digit of 3112265?
6
What is the units digit of 185577?
7
What is the tens digit of 768025?
2
What is the units digit of 3972226?
6
What is the hundreds digit of 104971?
9
What is the tens digit of 6504?
0
What is the tens digit of 903301?
0
What is the tens digit of 10732219?
1
What is the millions digit of 5473849?
5
What is the units digit of 223758?
8
What is the ten thousands digit of 1444576?
4
What is the hundred thousands digit of 372440?
3
What is the tens digit of 173235?
3
What is the hundreds digit of 917593?
5
What is the hundred thousands digit of 11150034?
1
What is the hundreds digit of 14811055?
0
What is the millions digit of 6831817?
6
What is the tens digit of 12460241?
4
What is the hundred thousands digit of 237269?
2
What is the thousands digit of 575923?
5
What is the tens digit of 207023?
2
What is the thousands digit of 4314133?
4
What is the hundred thousands digit of 16548822?
5
What is the hundreds digit of 2387933?
9
What is the thousands digit of 38279?
8
What is the hundreds digit of 121370?
3
What is the thousands digit of 129684?
9
What is the tens digit of 149420?
2
What is the tens digit of 223925?
2
What is the thousands digit of 533282?
3
What is the tens digit of 11140951?
5
What is the hundreds digit of 380036?
0
What is the hundred thousands digit of 794063?
7
What is the hundreds digit of 147823?
8
What is the millions digit of 1371643?
1
What is the hundreds digit of 22128730?
7
What is the ten thousands digit of 4127979?
2
What is the hundreds digit of 7154265?
2
What is the hundred thousands digit of 164323?
1
What is the tens digit of 259012?
1
What is the units digit of 658385?
5
What is the millions digit of 13758107?
3
What is the thousands digit of 649541?
9
What is the hundreds digit of 144051?
0
What is the hundreds digit of 577672?
6
What is the hundreds digit of 324509?
5
What is the millions digit of 17280060?
7
What is the millions digit of 5152235?
5
What is the tens digit of 248089?
8
What is the millions digit of 3183790?
3
What is the millions digit of 1842845?
1
What is the hundreds digit of 591829?
8
What is the tens digit of 2604177?
7
What is the hundreds digit of 2780665?
6
What is the hundreds digit of 1713334?
3
What is the tens digit of 270039?
3
What is the hundreds digit of 6065041?
0
What is the thousands digit of 595760?
5
What is the ten thousands digit of 527238?
2
What is the tens digit of 427304?
0
What is the hundred thousands digit of 196368?
1
What is the hundred thousands digit of 132282?
1
What is the units digit of 798981?
1
What is the units digit of 4462067?
7
What is the hundreds digit of 1547786?
7
What is the ten thousands digit of 15102617?
0
What is the tens digit of 7761143?
4
What is the units digit of 2474217?
7
What is the tens digit of 2083?
8
What is the units digit of 14365097?
7
What is the units digit of 45025829?
9
What is the tens digit of 1440773?
7
What is the ten thousands digit of 8280790?
8
What is the units digit of 298697?
7
What is the tens digit of 6192535?
3
What is the tens digit of 1637588?
8
What is the units digit of 4241214?
4
What is the units digit of 9419345?
5
What is the units digit of 82826?
6
What is the units digit of 2340862?
2
What is the ten thousands digit of 193814?
9
What is the tens digit of 1109608?
0
What is the units digit of 1756568?
8
What is the thousands digit of 2605172?
5
What is the units digit of 1096987?
7
What is the thousands digit of 97260?
7
What is the hundreds digit of 1919324?
3
What is the hundred thousands digit of 13933486?
9
What is the units digit of 222802?
2
What is the millions digit of 8802591?
8
What is the ten thousands digit of 18751921?
5
What is the hundred thousands digit of 372320?
3
What is the tens digit of 10322831?
3
What is the units digit of 635138?
8
What is the hundreds digit of 166589?
5
What is the units digit of 509602?
2
What is the ten thousands digit of 3911208?
1
What is the hundred thousands digit of 5942654?
9
What is the ten thousands digit of 9344537?
4
What is the millions digit of 4641599?
4
What is the tens digit of 174938?
3
What is the thousands digit of 1089141?
9
What is the tens digit of 155185?
8
What is the hundreds digit of 128033?
0
What is the hundred thousands digit of 357200?
3
What is the hundred thousands digit of 104601?
1
What is the millions digit of 3767688?
3
What is the hundreds digit of 165009?
0
What is the thousands digit of 23893650?
3
What is the units digit of 6005976?
6
What is the thousands digit of 9632635?
2
What is the hundreds digit of 3127038?
0
What is the thousands digit of 5613471?
3
What is the ten thousands digit of 2405715?
0
What is the millions digit of 3858503?
3
What is the ten thousands digit of 643322?
4
What is the units digit of 1539?
9
What is the thousands digit of 811885?
1
What is the hundreds digit of 1646603?
6
What is the thousands digit of 151166?
1
What is the units digit of 13906539?
9
What is the millions digit of 23544459?
3
What is the thousands digit of 5742405?
2
What is the ten thousands digit of 375862?
7
What is the tens digit of 3120?
2
What is the hundred thousands digit of 107480?
1
What is the millions digit of 1981098?
1
What is the hundreds digit of 18369723?
7
What is the ten thousands digit of 4454723?
5
What is the hundred thousands digit of 155840?
1
What is the units digit of 18693412?
2
What is the units digit of 50601?
1
What is the ten thousands digit of 172950?
7
What is the hundred thousands digit of 110173?
1
What is the hundreds digit of 562467?
4
What is the tens digit of 106271?
7
What is the hundred thousands digit of 12060320?
0
What is the hundreds digit of 71204?
2
What is the ten thousands digit of 33810115?
1
What is the thousands digit of 4282852?
2
What is the hundreds digit of 18704247?
2
What is the units digit of 31337?
7
What is the ten thousands digit of 91244?
9
What is the thousands digit of 454105?
4
What is the thousands digit of 294112?
4
What is the hundreds digit of 1212097?
0
What is the ten thousands digit of 880278?
8
What is the tens digit of 123418?
1
What is the hundred thousands digit of 2751044?
7
What is the ten thousands digit of 2398449?
9
What is the units digit of 14088723?
3
What is the millions digit of 20055261?
0
What is the thousands digit of 318720?
8
What is the units digit of 4455200?
0
What is the tens digit of 119561?
6
What is the tens digit of 1234110?
1
What is the units digit of 4107350?
0
What is the millions digit of 1711259?
1
What is the hundred thousands digit of 4249195?
2
What is the hundreds digit of 1351480?
4
What is the tens digit of 4078619?
1
What is the millions digit of 4217998?
4
What is the tens digit of 821769?
6
What is the tens digit of 8083428?
2
What is the hundred thousands digit of 584797?
5
What is the ten thousands digit of 973530?
7
What is the hundreds digit of 37346790?
7
What is the tens digit of 30047848?
4
What is the hundreds digit of 1392673?
6
What is the tens digit of 353090?
9
What is the units digit of 2815596?
6
What is the tens digit of 7464731?
3
What is the tens digit of 1802356?
5
What is the tens digit of 356930?
3
What is the units digit of 21350758?
8
What is the millions digit of 4151759?
4
What is the thousands digit of 32217?
2
What is the tens digit of 51727?
2
What is the hundred thousands digit of 3337370?
3
What is the units digit of 1819796?
6
What is the hundred thousands digit of 30342100?
3
What is the hundreds digit of 5943510?
5
What is the ten thousands digit of 3094092?
9
What is the hundred thousands digit of 1302423?
3
What is the thousands digit of 23366?
3
What is the hundreds digit of 3367894?
8
What is the hundreds digit of 4611626?
6
What is the hundred thousands digit 